divided by 25959677?
3
What is the remainder when 26102 is divided by 148?
54
What is the remainder when 21788529 is divided by 539?
532
Calculate the remainder when 1921059 is divided by 15008.
35
Calculate the remainder when 1196881 is divided by 5840.
5521
What is the remainder when 92523 is divided by 389?
330
Calculate the remainder when 206645686 is divided by 4579.
4574
What is the remainder when 226223620 is divided by 125610?
10
What is the remainder when 625156 is divided by 625139?
17
Calculate the remainder when 170083 is divided by 10151.
7667
Calculate the remainder when 3803 is divided by 774.
707
Calculate the remainder when 547246860 is divided by 48489.
6
Calculate the remainder when 45586962 is divided by 84.
78
What is the remainder when 8795321 is divided by 69804?
17
Calculate the remainder when 84206351 is divided by 1446.
1433
What is the remainder when 5239127 is divided by 346?
341
What is the remainder when 146232 is divided by 593?
354
What is the remainder when 4574636 is divided by 112?
108
Calculate the remainder when 14174768 is divided by 31085.
8
Calculate the remainder when 1151418 is divided by 28785.
18
What is the remainder when 93988 is divided by 414?
10
Calculate the remainder when 255978 is divided by 4654.
8
What is the remainder when 2975058 is divided by 424995?
93
Calculate the remainder when 123676 is divided by 10157.
1792
What is the remainder when 4932381 is divided by 1644120?
21
Calculate the remainder when 41432 is divided by 3184.
40
What is the remainder when 34631661 is divided by 3435?
3426
Calculate the remainder when 572180 is divided by 422.
370
Calculate the remainder when 11111124 is divided by 212.
204
What is the remainder when 1852663 is divided by 264646?
141
What is the remainder when 588759 is divided by 785?
9
Calculate the remainder when 43298575 is divided by 180.
115
Calculate the remainder when 34039671 is divided by 81.
69
What is the remainder when 337095 is divided by 36601?
7686
What is the remainder when 52091429 is divided by 7699?
7694
What is the remainder when 25346917 is divided by 75?
67
Calculate the remainder when 9164807 is divided by 4582321.
165
What is the remainder when 105893 is divided by 230?
93
Calculate the remainder when 8702670 is divided by 16420.
70
Calculate the remainder when 527989 is divided by 749.
693
What is the remainder when 7172973 is divided by 365?
358
What is the remainder when 4289343 is divided by 3?
0
Calculate the remainder when 739757 is divided by 431.
161
What is the remainder when 95446 is divided by 5099?
3664
What is the remainder when 21123100 is divided by 2114?
12
Calculate the remainder when 69795 is divided by 11881.
10390
What is the remainder when 75879185 is divided by 6898106?
19
Calculate the remainder when 197701 is divided by 937.
931
Calculate the remainder when 1135565 is divided by 22709.
115
What is the remainder when 685339 is divided by 62?
53
Calculate the remainder when 119968 is divided by 5686.
562
Calculate the remainder when 530337 is divided by 905.
7
What is the remainder when 14337431 is divided by 9881?
100
What is the remainder when 18246632 is divided by 1331?
1284
Calculate the remainder when 7408385 is divided by 37.
23
What is the remainder when 220964 is divided by 110182?
600
What is the remainder when 1065187 is divided by 532583?
21
Calculate the remainder when 12343626 is divided by 93512.
42
What is the remainder when 9528056 is divided by 1257?
1253
Calculate the remainder when 948304 is divided by 569.
350
What is the remainder when 2949697 is divided by 418?
289
Calculate the remainder when 331969 is divided by 110577.
238
What is the remainder when 2675210 is divided by 535040?
10
Calculate the remainder when 364444 is divided by 72865.
119
Calculate the remainder when 167599 is divided by 4319.
3477
What is the remainder when 5054262 is divided by 10486?
10
Calculate the remainder when 89373726 is divided by 3163.
3161
What is the remainder when 472109 is divided by 474?
5
What is the remainder when 1784546 is divided by 171?
161
Calculate the remainder when 4642880 is divided by 609.
473
Calculate the remainder when 1380677 is divided by 9266.
43
What is the remainder when 9393 is divided by 318?
171
Calculate the remainder when 2257057 is divided by 398.
397
What is the remainder when 517633 is divided by 172491?
160
Calculate the remainder when 1384068 is divided by 35.
28
What is the remainder when 79459308 is divided by 1119145?
13
Calculate the remainder when 14711 is divided by 2908.
171
What is the remainder when 409962 is divided by 1057?
903
What is the remainder when 158922 is divided by 19863?
18
What is the remainder when 38312398 is divided by 150?
148
What is the remainder when 812269 is divided by 285?
19
What is the remainder when 1702931 is divided by 880?
131
What is the remainder when 432202 is divided by 186?
124
Calculate the remainder when 594703 is divided by 198233.
4
Calculate the remainder when 247930 is divided by 3179.
3147
Calculate the remainder when 281704 is divided by 3464.
1120
Calculate the remainder when 256342 is divided by 64081.
18
Calculate the remainder when 1504193 is divided by 304.
1
What is the remainder when 16755537 is divided by 8628?
8589
Calculate the remainder when 29673 is divided by 326.
7
Calculate the remainder when 235273 is divided by 1853.
1795
What is the remainder when 69634187 is divided by 468?
467
Calculate the remainder when 185715297 is divided by 947527.
5
What is the remainder when 94251 is divided by 2168?
1027
What is the remainder when 1084301 is divided by 2008?
1989
Calculate the remainder when 29412629 is divided by 4201790.
99
Calculate the remainder when 11608 is divided by 5423.
762
What is the remainder when 19190459 is divided by 3486?
29
Calculate the remainder when 67626423 is divided by 2940278.
29
Calculate the remainder when 26819 is divided by 109.
5
Calculate the remainder when 1157125 is divided by 13775.
25
What is the remainder when 550998 is divided by 984?
942
What is the remainder when 8019247 is divided by 1205?
1177
What is the remainder when 392994 is divided by 3449?
3257
Calculate the remainder when 1292371 is divided by 2930.
241
What is the remainder when 1845351 is divided by 922653?
45
Calculate the remainder when 520430 is divided by 73599.
5237
Calculate the remainder when 66251 is divided by 11035.
41
Calculate the remainder when 32077733 is divided by 2527.
2522
What is the remainder when 151141356 is divided by 910490?
16
Calculate the remainder when 5260940 is divided by 1017.
1016
Calculate the remainder when 16208 is divided by 418.
324
Calculate the remainder when 57315 is divided by 7042.
979
What is the remainder when 913669 is divided by 35123?
471
Calculate the remainder when 9154 is divided by 2720.
994
Calculate the remainder when 234451 is divided by 5998.
529
What is the remainder when 915646 is divided by 457819?
8
What is the remainder when 2616891 is divided by 132?
123
Calculate the remainder when 19806473 is divided by 44.
5
What is the remainder when 997790 is divided by 14053?
27
What is the remainder when 2896609 is divided by 41?
0
Calculate the remainder when 36708 is divided by 10954.
3846
Calculate the remainder when 26984553 is divided by 80.
73
What is the remainder when 1294994 is divided by 258982?
84
What is the remainder when 172955 is divided by 7232?
6619
What is the remainder when 2671325 is divided by 1335660?
5
Calculate the remainder when 1451496 is divided by 40319.
12
What is the remainder when 45558251 is divided by 15186081?
8
What is the remainder when 12368127 is divided by 13?
5
What is the remainder when 1036994 is divided by 18192?
50
What is the remainder when 27443745 is divided by 13721863?
19
What is the remainder when 3720320 is divided by 620053?
2
What is the remainder when 584267 is divided by 55?
2
Calculate the remainder when 47144 is divided by 23066.
1012
Calculate the remainder when 2308472 is divided by 1968.
8
What is the remainder when 21271117 is divided by 42799?
14
Calculate the remainder when 4189951 is divided by 76.
71
What is the remainder when 2507189 is divided by 351?
347
Calculate the remainder when 